4). Let c(z) = z + 4. Determine c(l).
10
Let k(r) = r**2 + 5*r. Suppose 0 = y - 2. Suppose h = -3*m + 3*h - 7, y*h = -8. Give k(m).
0
Let m = -13 - -10. Let g(t) = t**3 + 4*t**2 + 4*t + 4. Calculate g(m).
1
Suppose 2*s + 2 = 6. Let k(h) = -2 - 6*h + 6*h + h**s. Suppose -z - 2*z + 9 = 0. Give k(z).
7
Let l = -7 + 4. Let y(t) = t**2 + 5*t + 4. Let p be y(l). Let g be -1 - 4/(-2) - p. Let q(z) = -z**2 + 3*z + 1. Calculate q(g).
1
Let r(t) = 2*t + 1. Let l(w) = w. Let d(x) = -13*l(x) + 6*r(x). What is d(8)?
-2
Let j(f) = -f**2 + 10*f + 16. Let c be j(11). Let x(r) = r**3 - 10*r**2 + 2*r + 4*r**2 + r + 3 + r. Give x(c).
-2
Suppose 12 = 2*w + r, 3 = -w + 2*r + 4. Let m = w - 10. Let x(o) = o - 4. What is x(m)?
-9
Let f = 7 + -9. Let v = f + 0. Let x(a) = 5*a + 3. Give x(v).
-7
Let y(o) be the second derivative of o**6/360 + o**4/6 + 2*o. Let h(i) be the third derivative of y(i). Let u = -8 - -11. What is h(u)?
6
Let x = 0 - 4. Let s(a) = -a**2 - 2*a + 2. What is s(x)?
-6
Let x = -100 + 102. Let y(l) = -4*l**2 + 2*l + 2. Determine y(x).
-10
Let g(j) = 13*j + 16. Let h(m) = -3*m - 4. Let t(z) = -2*g(z) - 9*h(z). Determine t(3).
7
Let g(v) = 5*v + v**2 - 8 + 6 - 8. Calculate g(-7).
4
Let n(j) = j**2 + 3. Let h be n(0). Let g(v) = -4*v**3 + 6*v**2 + 2*v + 7. Let z(x) = 3*x**3 - 5*x**2 - x - 6. Let r(b) = -2*g(b) - 3*z(b). Determine r(h).
1
Let p(c) = -5*c - 39 + 21 + 18. Calculate p(-1).
5
Let t(x) = -x + 7. Let z be t(-6). Suppose -15 - z = 4*k. Let f(o) = -o**3 - 8*o**2 - 7*o - 3. What is f(k)?
-3
Let y(m) = m**2 + 2*m - 3. Suppose -k - 1 = -7. Suppose 2*x + 20 = k*x. Suppose x*d - 15 = -5. What is y(d)?
5
Let n(m) be the second derivative of 7*m**3/3 + m**2/2 + 14*m + 2. What is n(-1)?
-13
Let d(l) = -2*l**2 - 4*l - 5. Let s(n) = -n**2 - n - 2. Suppose -m + 5*m = -12. Let v(w) = m*d(w) + 8*s(w). Determine v(3).
-7
Suppose -5*s + 5 = -3*g, -5*g = 3*s + 34 - 3. Let j(a) = 3*a + 14. Let v(z) = 5*z + 21. Let k(h) = g*v(h) + 8*j(h). What is k(5)?
2
Let a = 0 - 0. Let i = a - 0. Let p(n) = -n**2 + n - 7. Let o(w) = 2*w**2 - w + 8. Let u(d) = -2*o(d) - 3*p(d). Calculate u(i).
5
Let b be 2/((-10)/(-25)) + -9. Let u(p) = p + 2. Let j be u(4). Let l(y) = -2*y + j + 6*y - y. Determine l(b).
-6
Let l(p) = 3*p - 7. Let i = -4 + 6. Let n(t) = 6*t + 1 + 2 + i - t**2. Let y be n(6). Calculate l(y).
8
Suppose 0*i + 1 = i. Let j be 16/2*1/2. Let h(m) = -4*m**2 + 14*m - 11. Let z(o) = -o**2 + 5*o - 4. Let f(a) = j*h(a) - 11*z(a). Calculate f(i).
-4
Suppose -5*x = 7 - 37. Suppose -k + x = -4. Let o be -5*(8/k)/1. Let d(f) = f**2 + 3*f - 5. Calculate d(o).
-1
Let c be -5*-2*3/(-5). Let u(g) = 47*g**2 + 6*g + 3. Let b(i) = -16*i**2 - 2*i - 1. Let j(d) = c*u(d) - 17*b(d). Give j(-1).
-9
Let g be (-6)/5*(-5)/2. Let a(d) = 0*d**3 + d**g + 0*d**3 + 4 + 2*d**2. Suppose -2*t - 2 = 4. Give a(t).
-5
Let l(o) be the second derivative of -o**5/20 + o**4/4 - o**2/2 + 6*o. What is l(3)?
-1
Suppose -5*n + 7 = -8. Let s(t) = -5*t**2 + 2 + 0*t**2 + 4*t**2 - n*t. Calculate s(-4).
-2
Let b(o) = o**3 - 7*o**2 - 7*o - 7. Let w be b(8). Let d(m) = 6*m**2 - 4*m**2 - 3*m**2. What is d(w)?
-1
Let i(f) = f + 5. Let s(l) = 2*l + 11. Let o(m) = -11*i(m) + 6*s(m). Suppose u = -4*u - 105. Let c be (-6)/u + (-4)/14. What is o(c)?
11
Let j = 1 - -4. Let f(r) = -r - 1. Let v(u) = 2*u - 6. Suppose 2*t = 4*t - 2. Let i(z) = t*f(z) - v(z). What is i(j)?
-10
Let g(c) = 0 + 2*c - 4 + 1 + 1. Let u(x) = -2*x + 6. Let b be u(4). Calculate g(b).
-6
Let f(h) be the third derivative of 0*h**3 + 1/24*h**4 + 0*h + 0 - 2*h**2. Calculate f(1).
1
Suppose 2*r - 13 = -h, r + 5 = 3*h - 6. Let m(v) = -2*v + 2. What is m(r)?
-6
Let o = -33 + 28. Let a(u) = u**3 + 6*u**2 + 8*u + 6. Determine a(o).
-9
Let a = -3 - -5. Let s be (-6 + 1)*a/2. Let l(r) = -4. Let u(g) = -g + 4. Let d(b) = 3*l(b) + 2*u(b). Determine d(s).
6
Suppose -6 = -4*z - 3*d, z + z + 10 = 5*d. Suppose -6 + z = v. Let j be (8/v)/(3/(-9)). Let y(m) = -m**3 + 5*m**2 - 6*m + 3. What is y(j)?
-5
Let d(f) = f**3 + 6*f**2 - f - 2. Let u be 9/(-18)*(10 + -2). Calculate d(u).
34
Let h(k) = -3*k**3 + k**2 - k + 1. Suppose -r + 2*r - 2 = 0. Suppose r*t = t - 2. Let p be (6/4 + -2)*t. Calculate h(p).
-2
Let o(v) = 2*v + 3. Suppose 2*i - 8 = 2. Suppose -5*b - 3 = i*m + 7, -2*b + 4*m = 22. Determine o(b).
-7
Let o(h) = 2*h - 1 - 3*h + 3 + 4. Determine o(0).
6
Let h(j) = j - 5. Suppose -4*u = -4*x - 12, 2*x = 2*u - 2*x - 2. What is h(u)?
0
Let f(l) = -17*l - 2. Let w(c) = -26*c - 3. Let k(a) = 8*f(a) - 5*w(a). Suppose -7*g = -1 + 8. Determine k(g).
5
Let w(r) = -r + 2. Let n be w(-5). Let a = n + -10. Let y(i) = -i**2 - 2*i - 2. Determine y(a).
-5
Let b(q) = 2*q - 4*q - 1 + 0*q + 2. What is b(4)?
-7
Let c(d) be the second derivative of d**5/120 - d**4/12 + d**3/2 + d. Let j(r) be the second derivative of c(r). What is j(3)?
1
Let o = -5 + 7. Let m = o + 0. Let b(i) = 2*i**2 + 5 - i**m + 6*i + 0. Give b(-5).
0
Let o(q) = q**3 + 3*q**2 - 8*q - 5. Let h be o(-5). Let w(m) = -15*m**2 - 5*m. Let b(r) = -7*r**2 - 2*r. Let l(p) = h*b(p) + 6*w(p). Calculate l(1).
15
Let r(k) = k**2 + k - 4*k + 2 + 1. Let u = 6 - 0. Suppose -a - a + u = 0. Determine r(a).
3
Let y(d) = -5*d + 1. Let b be y(2). Let o be ((-15)/b)/(2/(-6)). Let u be 51/(-15) + (-2)/o. Let l(z) = z**3 + 2*z**2 - z - 1. Calculate l(u).
-7
Let s(c) be the first derivative of c**4/4 + 4*c**3/3 + 2*c + 1. Suppose -b + 4*p - 20 = 0, p + 25 = 2*b + 6*p. Let v = -4 + b. Give s(v).
2
Let j(u) = u**3 + 4*u**2 + 2*u. Let z be (-140)/(-18) + (-8)/(-36). Let f(g) = -g**2 + 9*g - 11. Let w be f(z). What is j(w)?
3
Let m(u) = -u**2 - u + 1. Suppose 3*w - 11 = -s + 5*s, -3*w + 2*s + 7 = 0. What is m(w)?
-1
Let x = -34 + 25. Let n(t) = -t - 9. Determine n(x).
0
Let s be 1 + 2/(-1 + 0). Let w = 14 + -10. Let k(v) = -5 + 0*v - v + w. Give k(s).
0
Let n(j) = j**2 + 10*j + 2. Let u be n(-10). Suppose -f - f = -u. Let i(c) = -3*c. Give i(f).
-3
Let r = -4 - -1. Let h = -24 - -22. Let f be (10/3)/(h/r). Let o(k) = k**3 - 6*k**2 + 4*k - 2. Give o(f).
-7
Let w(b) = -4*b**2 + b - 2. Suppose -2*y - 11 = q, 0*y - 2*y = -q + 5. Let t(d) = -3*d**2 + d - 1. Let a(g) = q*t(g) + 2*w(g). What is a(-2)?
5
Let h = 3 - 1. Suppose 6 - 4 = -n. Let y be 0 + n + 0 - h. Let o(l) = 2*l - 1. Determine o(y).
-9
Let y(u) = -u**2 + 7*u - 1. Let z be y(6). Let i(a) = -a + 3. Let g(r) = 3. Let k(m) = z*i(m) - 4*g(m). Give k(2).
-7
Let t(q) = -q**3 + 10*q**2 - 10*q + 12. Suppose 5*i - 4*s = 57, -i + 23 = -5*s - 1. What is t(i)?
3
Suppose -29 = -b + 3*h, 5*h - 16 - 5 = -b. Suppose 0 = 2*o - 4*o - 4*s - b, 5*o + 5*s + 45 = 0. Let u(j) = -2*j - 6 + 0 + 1. Give u(o).
5
Let q(d) be the third derivative of -1/60*d**5 + 0*d + 1/6*d**3 - 6*d**2 - 7/24*d**4 + 0. Give q(-5).
11
Suppose -18 = 10*i + 2. Let k(t) = 6*t + 3. What is k(i)?
-9
Suppose -8 = 2*r, 0 = -2*q - 4*r - 6. Suppose 11 + 19 = q*j. Let s(l) = l**3 - 7*l**2 + 7*l. Give s(j).
6
Let c(q) = q**3 + q**2 + 5*q + 7. Let o(k) = 2*k**3 + k**2 + 11*k + 15. Let h(j) = -7*c(j) + 3*o(j). Give h(-3).
-7
Let f be -4 + 0/((-12)/(-4)). Let p(j) be the first derivative of -j**4/4 - 5*j**3/3 - j**2 + 5*j - 1. What is p(f)?
-3
Let q(k) = -281*k + 140*k + 143*k + 12. What is q(-8)?
-4
Suppose 0 = 3*y - 4*y + 3, 3*y = 3*o + 3. Let n(m) = 6*m**2 - m + 3. Let v(q) = -q**3 - q**2 - q - 1. Let d(f) = n(f) + 2*v(f). Give d(o).
-5
Let o be (12/10)/((-3)/20). Let j = -6 - o. Let y(b) = -b**2 + 3*b**j + 3*b - 5 + 2. Determine y(-3).
6
Let f(j) be the third derivative of -j**5/60 + j**4/12 + 2*j**3/3 - 11*j**2. Calculate f(3).
1
Suppose -n + k = 5, 0 = 3*n + 3*k + 1 - 4. Let g(o) = -o**3 - 2*o**2 + 2*o + 1. What is g(n)?
-3
Suppose 3*p - 15 + 0 = 0. Let x(b) = b**3 - 6*b**2 + 4*b - 6. What is x(p)?
-11
Let c(t) = -5*t**3 + 10*t**2. Let x(l) = -6*l**3 + 11*l**2 + l. Let n(r) = -5*c(r) + 4*x(r). Give n(5).
-5
Let a(b) be the first derivative of -b**4/4 - 10*b**3/3 - 4*b**2 + 8*b - 3. Let f be a(-9). Let s(h) = -3 + 4 + 3 - 3*h - 5. Give s(f).
2
Let r(k) = 2*k - 86*k**3 + 37*k**3 + 43*k**3 + 1. Let u(h) = h**2 + 5*h - 1. Let v be u(-5). Give r(v).
5
Let n(i) be the second derivative of -7*i**4/12 + i**3/6 - 3*i**2/2 - 3*i. Let m(t) = -t**2 - 1. Let s(r) = -6*m(r) + n(r). Determine s(0).
3
Let h(f) be the third derivative of 0 + 5/24*f**4 